{"id":4209,"date":"2026-01-29T16:16:52","date_gmt":"2026-01-29T15:16:52","guid":{"rendered":"http:\/\/wifi-network.local\/site\/?page_id=4209"},"modified":"2026-01-29T16:16:52","modified_gmt":"2026-01-29T15:16:52","slug":"wlan-funkwellen-und-gesundheit","status":"publish","type":"page","link":"https:\/\/www.wifi-network.eu\/site\/de\/wlan-funkwellen-und-gesundheit\/","title":{"rendered":"WLAN-Funkwellen und Gesundheit"},"content":{"rendered":"<div class=\"fusion-fullwidth fullwidth-box fusion-builder-row-1 fusion-flex-container nonhundred-percent-fullwidth non-hundred-percent-height-scrolling\" style=\"--awb-border-radius-top-left:0px;--awb-border-radius-top-right:0px;--awb-border-radius-bottom-right:0px;--awb-border-radius-bottom-left:0px;--awb-flex-wrap:wrap;\" ><div class=\"fusion-builder-row fusion-row fusion-flex-align-items-flex-start fusion-flex-content-wrap\" style=\"max-width:1248px;margin-left: calc(-4% \/ 2 );margin-right: calc(-4% \/ 2 );\"><div class=\"fusion-layout-column fusion_builder_column fusion-builder-column-0 fusion_builder_column_1_1 1_1 fusion-flex-column\" style=\"--awb-bg-size:cover;--awb-width-large:100%;--awb-margin-top-large:0px;--awb-spacing-right-large:1.92%;--awb-margin-bottom-large:0px;--awb-spacing-left-large:1.92%;--awb-width-medium:100%;--awb-spacing-right-medium:1.92%;--awb-spacing-left-medium:1.92%;--awb-width-small:100%;--awb-spacing-right-small:1.92%;--awb-spacing-left-small:1.92%;\"><div class=\"fusion-column-wrapper fusion-flex-justify-content-flex-start fusion-content-layout-column\"><div class=\"fusion-text fusion-text-1\"><p><i>Ver\u00f6ffentlichung mit Erlaubnis der <a href=\"https:\/\/www.nationalarchives.gov.uk\/doc\/open-government-licence\/version\/3\/\" target=\"_blank\" rel=\"noopener\">Open Government Licence v3.0<\/a><\/i><\/p>\n<p>Inhalt<br \/>\n1. Grundlagen der WLAN-Technologie<br \/>\n2. Allgemeine Lage Schl\u00fcsselaspekte<br \/>\n3. Schl\u00fcsselaspekte<\/p>\n<p>Wi-Fi gilt als die am h\u00e4ufigsten verwendete Technologie bei lokalen Funknetzen (WLAN). Es handelt sich dabei um Netzwerke von Ger\u00e4ten und Computern, in denen die Kommunikation \u00fcber Funkwellen statt \u00fcber Kabelverbindung erfolgt.<\/p>\n<h4>1. Grundlagen der WLAN-Technologie<\/h4>\n<p>Wi-Fi-Benutzer k\u00f6nnen auf Daten, Anwendungen, Internet oder andere Netzwerkressourcen auf dieselbe Weise zugreifen und diese nutzen, wie es bei verdrahteten Systemen der Fall ist.<br \/>\nWi-Fi-Ger\u00e4te m\u00fcssen mit Antennen zum Senden und Empfangen von Funkwellen ausgestattet sein, um eine kabellose Verbindung zu erm\u00f6glichen. Die Ger\u00e4te nutzen bestimmte Frequenzb\u00e4nder um 2.4 und 5 Gigahertz (GHz).<br \/>\nPersonen, die Wi-Fi benutzen oder sich in der N\u00e4he von Wi-Fi-Ger\u00e4ten aufhalten, sind Funksignalen ausgesetzt, wobei ein Teil der in den Signalen \u00fcbertragenen Energie von deren K\u00f6rpern absorbiert wird. Diese Webseite pr\u00e4sentiert die Position der Agentur Public Health England (PHE) in Bezug auf diese Form der Exposition.<\/p>\n<h4>2. Allgemeine Lage<\/h4>\n<p>Es besteht derzeit kein schl\u00fcssiger Beweis daf\u00fcr, dass die Einwirkung von Funksignalen aus Wi-Fi- und WLAN-Netzen\u00a0die Gesundheit der Allgemeinbev\u00f6lkerung negativ beeinflusst. Die Signale verf\u00fcgen \u00fcber eine sehr geringe Leistung, die sich sowohl bei Computer als auch Router (Zugriffspunkt) meist auf 0,1 Watt (100 Milliwatt) bel\u00e4uft. Die bisherigen Ergebnisse zeigen, dass diese Einwirkung deutlich im Rahmen der international anerkannten Richtlinien der Internationalen Kommission f\u00fcr den Schutz vor nichtionisierender Strahlung (ICNIRP) liegt.<br \/>\nAuf Grundlage des aktuellen Wissens- und Erfahrungsstandes kann davon ausgegangen werden, dass die Einwirkung von Funkfrequenzen durch Wi-Fi geringer ist als die Einwirkung von Funkfrequenzen durch Mobiltelefone. Zudem verwendet die Wi-Fi-Technologie meist Frequenzen, die anderen Funk-\u00a0Anwendungen, wie\u00a0FM\u00a0Radio, Fernsehen und Mobiltelefonen entsprechen.<br \/>\nAuf Grundlage \u00f6ffentlicher sowie intern durchgef\u00fchrter Studien sieht die\u00a0PHE\u00a0keinen Grund daf\u00fcr, warum Wi-Fi nicht weiterhin in Schulen und an anderen Orten verwendet werden soll. Wie schon bei Mobiltelefonen der Fall, empfiehlt sich jedoch bei allen neuen Technologien ein vern\u00fcnftiges Ma\u00df an Vorsicht und eine kontinuierliche Beobachtung der Situation, damit Eltern und anderen Betroffenen so viel Gewissheit wie m\u00f6glich geboten werden kann.<br \/>\nAus diesem Grund hat Sir William Stewart, fr\u00fcherer Vorsitzender der britischen Gesundheitsbeh\u00f6rde Health Protection Agency (HPA), die als Vorg\u00e4ngerorganisation der PHE gilt, darauf hingewiesen, dass die Durchf\u00fchrung weiterer Studien im Zuge der Ausbreitung dieser neuen Technologie w\u00fcnschenswert w\u00e4re. In Folge gab die britische Gesundheitsbeh\u00f6rde HPA\u00a0am 12. Oktober 2007 bekannt, dass sie ein systematisches Studien- und Forschungsprogramm zu WLAN-Netzen\u00a0und deren Nutzung vorantreiben werden, wobei auch die Auswirkung von Wi-Fi-Netzen insbesondere in Schulen ber\u00fccksichtigt werden soll.<\/p>\n<h4>3. Schl\u00fcsselaspekte<\/h4>\n<p>Es besteht derzeit kein schl\u00fcssiger Beweis daf\u00fcr, dass die Einwirkung von Funksignalen aus Wi-Fi- und WLAN-Netzen\u00a0die Gesundheit der Allgemeinbev\u00f6lkerung negativ beeinflusst.<br \/>\nWi-Fi-Signale verf\u00fcgen \u00fcber eine sehr geringe Leistung, die sich sowohl bei Computer als auch Router meist auf 0,1 Watt (100 Milliwatt) bel\u00e4uft, weshalb die sich daraus ergebende Einwirkung klar innerhalb der international anerkannten Richtlinien liegen sollte.<br \/>\nEs werden meist Frequenzen verwendet, die auch bei anderen\u00a0Rundfunk-\u00a0Anwendungen zum Einsatz kommen.<br \/>\nAuf Grundlage des aktuellen Wissensstandes kann davon ausgegangen werden, dass die Einwirkung von\u00a0Funkfrequenzen durch Wi-Fi-Netze mit gro\u00dfer Wahrscheinlichkeit geringer ist, als die Einwirkung von Funkfrequenzen durch Mobiltelefone.<br \/>\nAuf Grundlage des aktuellen Stands der Wissenschaft wird die Einwirkung durch Wi-Fi-Ger\u00e4te den internationalen Richtlinien gerecht. Es besteht kein schl\u00fcssiger Beweis f\u00fcr das Bestehen von Gesundheitsauswirkungen durch die Einwirkung von Funkfrequenzen, die untere den Grenzwerten der Richtlinien liegen, und demnach kein Grund daf\u00fcr, warum Schulen oder andere Einrichtungen keine Wi-Fi-Ger\u00e4te verwenden sollten.<\/p>\n<\/div><div class=\"fusion-text fusion-text-2\"><p><img decoding=\"async\" class=\"alignnone size-full wp-image-3995\" style=\"vertical-align: middle;\" src=\"https:\/\/www.wifi-network.eu\/site\/wp-content\/uploads\/2026\/01\/open-government-licence.png\" alt=\"\" width=\"41\" height=\"17\" \/> \u00a9 Crown copyright <a href=\"https:\/\/www.nationalarchives.gov.uk\/information-management\/our-services\/crown-copyright.htm\" target=\"_blank\" rel=\"noopener\"><img decoding=\"async\" class=\"alignnone wp-image-3996\" style=\"vertical-align: middle;\" src=\"https:\/\/www.wifi-network.eu\/site\/wp-content\/uploads\/2026\/01\/govuk-crest.png\" alt=\"\" width=\"48\" height=\"39\" \/><\/a><\/p>\n<\/div><\/div><\/div><\/div><\/div>\n","protected":false},"excerpt":{"rendered":"","protected":false},"author":2,"featured_media":0,"parent":0,"menu_order":0,"comment_status":"closed","ping_status":"closed","template":"100-width.php","meta":{"_acf_changed":false,"footnotes":""},"class_list":["post-4209","page","type-page","status-publish","hentry"],"acf":[],"_links":{"self":[{"href":"https:\/\/www.wifi-network.eu\/site\/wp-json\/wp\/v2\/pages\/4209","targetHints":{"allow":["GET"]}}],"collection":[{"href":"https:\/\/www.wifi-network.eu\/site\/wp-json\/wp\/v2\/pages"}],"about":[{"href":"https:\/\/www.wifi-network.eu\/site\/wp-json\/wp\/v2\/types\/page"}],"author":[{"embeddable":true,"href":"https:\/\/www.wifi-network.eu\/site\/wp-json\/wp\/v2\/users\/2"}],"replies":[{"embeddable":true,"href":"https:\/\/www.wifi-network.eu\/site\/wp-json\/wp\/v2\/comments?post=4209"}],"version-history":[{"count":1,"href":"https:\/\/www.wifi-network.eu\/site\/wp-json\/wp\/v2\/pages\/4209\/revisions"}],"predecessor-version":[{"id":4210,"href":"https:\/\/www.wifi-network.eu\/site\/wp-json\/wp\/v2\/pages\/4209\/revisions\/4210"}],"wp:attachment":[{"href":"https:\/\/www.wifi-network.eu\/site\/wp-json\/wp\/v2\/media?parent=4209"}],"curies":[{"name":"wp","href":"https:\/\/api.w.org\/{rel}","templated":true}]}}