{"id":4194,"date":"2026-01-29T12:03:41","date_gmt":"2026-01-29T11:03:41","guid":{"rendered":"http:\/\/wifi-network.local\/site\/?page_id=4194"},"modified":"2026-01-29T12:03:41","modified_gmt":"2026-01-29T11:03:41","slug":"tecnologia","status":"publish","type":"page","link":"https:\/\/www.wifi-network.eu\/site\/it\/tecnologia\/","title":{"rendered":"Tecnologia"},"content":{"rendered":"<div class=\"fusion-fullwidth fullwidth-box fusion-builder-row-1 fusion-flex-container has-pattern-background has-mask-background nonhundred-percent-fullwidth non-hundred-percent-height-scrolling\" style=\"--awb-border-radius-top-left:0px;--awb-border-radius-top-right:0px;--awb-border-radius-bottom-right:0px;--awb-border-radius-bottom-left:0px;--awb-flex-wrap:wrap;\" ><div class=\"fusion-builder-row fusion-row fusion-flex-align-items-flex-start fusion-flex-content-wrap\" style=\"max-width:1248px;margin-left: calc(-4% \/ 2 );margin-right: calc(-4% \/ 2 );\"><div class=\"fusion-layout-column fusion_builder_column fusion-builder-column-0 fusion_builder_column_1_2 1_2 fusion-flex-column\" style=\"--awb-bg-size:cover;--awb-width-large:50%;--awb-spacing-right-large:3.84%;--awb-margin-bottom-large:0px;--awb-spacing-left-large:3.84%;--awb-width-medium:50%;--awb-order-medium:0;--awb-spacing-right-medium:3.84%;--awb-spacing-left-medium:3.84%;--awb-width-small:100%;--awb-order-small:0;--awb-spacing-right-small:1.92%;--awb-spacing-left-small:1.92%;\"><div class=\"fusion-column-wrapper fusion-column-has-shadow fusion-flex-justify-content-flex-start fusion-content-layout-column\"><div class=\"fusion-image-element \" style=\"--awb-caption-title-font-family:var(--h2_typography-font-family);--awb-caption-title-font-weight:var(--h2_typography-font-weight);--awb-caption-title-font-style:var(--h2_typography-font-style);--awb-caption-title-size:var(--h2_typography-font-size);--awb-caption-title-transform:var(--h2_typography-text-transform);--awb-caption-title-line-height:var(--h2_typography-line-height);--awb-caption-title-letter-spacing:var(--h2_typography-letter-spacing);\"><span class=\" fusion-imageframe imageframe-none imageframe-1 hover-type-zoomin fusion-animated\" data-animationType=\"fadeInRight\" data-animationDuration=\"0.3\" data-animationOffset=\"top-into-view\"><img decoding=\"async\" width=\"600\" height=\"848\" alt=\"Technology\" title=\"schema_WiFi1\" src=\"https:\/\/www.wifi-network.eu\/site\/wp-content\/uploads\/2026\/01\/schema_WiFi1-600x848.jpg\" class=\"img-responsive wp-image-3875\" srcset=\"https:\/\/www.wifi-network.eu\/site\/wp-content\/uploads\/2026\/01\/schema_WiFi1-200x283.jpg 200w, https:\/\/www.wifi-network.eu\/site\/wp-content\/uploads\/2026\/01\/schema_WiFi1-400x566.jpg 400w, https:\/\/www.wifi-network.eu\/site\/wp-content\/uploads\/2026\/01\/schema_WiFi1-600x848.jpg 600w, https:\/\/www.wifi-network.eu\/site\/wp-content\/uploads\/2026\/01\/schema_WiFi1-800x1131.jpg 800w, https:\/\/www.wifi-network.eu\/site\/wp-content\/uploads\/2026\/01\/schema_WiFi1.jpg 1000w\" sizes=\"(max-width: 810px) 100vw, 600px\" \/><\/span><\/div><\/div><\/div><div class=\"fusion-layout-column fusion_builder_column fusion-builder-column-1 fusion_builder_column_1_2 1_2 fusion-flex-column\" style=\"--awb-bg-size:cover;--awb-width-large:50%;--awb-spacing-right-large:3.84%;--awb-margin-bottom-large:0px;--awb-spacing-left-large:3.84%;--awb-width-medium:50%;--awb-order-medium:0;--awb-spacing-right-medium:3.84%;--awb-spacing-left-medium:3.84%;--awb-width-small:100%;--awb-order-small:0;--awb-spacing-right-small:1.92%;--awb-spacing-left-small:1.92%;\"><div class=\"fusion-column-wrapper fusion-column-has-shadow fusion-flex-justify-content-flex-start fusion-content-layout-column\"><div class=\"fusion-text fusion-text-1\"><p>Il cuore della rete WiFi Network \u00e8 costituito dalla piattaforma EverFast, una delle pi\u00f9 potenti e versatili soluzioni \u201ccloud-based\u201d progettata per la gestione e il controllo remoto degli accessi WiFi dalle location pubbliche.<\/p>\n<p>Il protocollo AAA (Authentication, Authorization, Accounting) \u00e8 stato integrato con un sistema di identificazione indiretta degli utenti basata principalmente sulla titolarit\u00e0 dei numeri telefonici cellulari e sulla raggiungibilit\u00e0 degli indirizzi e-mail indicati in fase di registrazione, garantendo cos\u00ec l\u2019anonimato nei confronti del Provider e dei gestori degli EverFast Point.<\/p>\n<p>L\u2019attivazione di un nuovo EverFast Point richiede infatti la disponibilit\u00e0 di una connessione all\u2019Internet a banda larga alla quale \u00e8 possibile collegare, in tempo reale, l\u2019access point o la rete di access point destinati a fornire il servizio wireless sul quale verranno instradate, previa autenticazione, le connessioni WiFi degli utenti. Tutto ci\u00f2 mantenendo il traffico da questi generato separato dalla rete aziendale dell\u2019EverFast Point stesso.<\/p>\n<\/div><\/div><\/div><\/div><\/div>\n","protected":false},"excerpt":{"rendered":"","protected":false},"author":2,"featured_media":0,"parent":0,"menu_order":0,"comment_status":"closed","ping_status":"closed","template":"100-width.php","meta":{"_acf_changed":false,"footnotes":""},"class_list":["post-4194","page","type-page","status-publish","hentry"],"acf":[],"_links":{"self":[{"href":"https:\/\/www.wifi-network.eu\/site\/wp-json\/wp\/v2\/pages\/4194","targetHints":{"allow":["GET"]}}],"collection":[{"href":"https:\/\/www.wifi-network.eu\/site\/wp-json\/wp\/v2\/pages"}],"about":[{"href":"https:\/\/www.wifi-network.eu\/site\/wp-json\/wp\/v2\/types\/page"}],"author":[{"embeddable":true,"href":"https:\/\/www.wifi-network.eu\/site\/wp-json\/wp\/v2\/users\/2"}],"replies":[{"embeddable":true,"href":"https:\/\/www.wifi-network.eu\/site\/wp-json\/wp\/v2\/comments?post=4194"}],"version-history":[{"count":1,"href":"https:\/\/www.wifi-network.eu\/site\/wp-json\/wp\/v2\/pages\/4194\/revisions"}],"predecessor-version":[{"id":4195,"href":"https:\/\/www.wifi-network.eu\/site\/wp-json\/wp\/v2\/pages\/4194\/revisions\/4195"}],"wp:attachment":[{"href":"https:\/\/www.wifi-network.eu\/site\/wp-json\/wp\/v2\/media?parent=4194"}],"curies":[{"name":"wp","href":"https:\/\/api.w.org\/{rel}","templated":true}]}}